What is the remainder when 1162 is divided by 18?
10
Calculate the remainder when 285 is divided by 22.
21
Calculate the remainder when 658 is divided by 110.
108
What is the remainder when 144 is divided by 77?
67
What is the remainder when 517 is divided by 9?
4
What is the remainder when 179 is divided by 63?
53
What is the remainder when 2472 is divided by 497?
484
Calculate the remainder when 91 is divided by 33.
25
Calculate the remainder when 710 is divided by 10.
0
What is the remainder when 376 is divided by 376?
0
What is the remainder when 619 is divided by 45?
34
Calculate the remainder when 5143 is divided by 25.
18
Calculate the remainder when 192 is divided by 127.
65
What is the remainder when 795 is divided by 38?
35
What is the remainder when 1169 is divided by 39?
38
Calculate the remainder when 4917 is divided by 30.
27
Calculate the remainder when 116 is divided by 15.
11
What is the remainder when 123 is divided by 113?
10
What is the remainder when 287 is divided by 245?
42
Calculate the remainder when 7077 is divided by 120.
117
Calculate the remainder when 1341 is divided by 176.
109
What is the remainder when 113 is divided by 4?
1
What is the remainder when 99 is divided by 5?
4
Calculate the remainder when 27 is divided by 17.
10
What is the remainder when 589 is divided by 100?
89
Calculate the remainder when 448 is divided by 45.
43
Calculate the remainder when 302 is divided by 34.
30
Calculate the remainder when 492 is divided by 122.
4
Calculate the remainder when 59 is divided by 5.
4
Calculate the remainder when 127 is divided by 6.
1
What is the remainder when 4269 is divided by 70?
69
Calculate the remainder when 173 is divided by 49.
26
What is the remainder when 16521 is divided by 12?
9
Calculate the remainder when 4082 is divided by 53.
1
Calculate the remainder when 101 is divided by 46.
9
Calculate the remainder when 238 is divided by 61.
55
Calculate the remainder when 503 is divided by 84.
83
Calculate the remainder when 198 is divided by 34.
28
Calculate the remainder when 1205 is divided by 26.
9
What is the remainder when 538 is divided by 45?
43
What is the remainder when 15532 is divided by 239?
236
Calculate the remainder when 1172 is divided by 146.
4
What is the remainder when 404 is divided by 41?
35
Calculate the remainder when 590 is divided by 37.
35
Calculate the remainder when 353 is divided by 58.
5
What is the remainder when 2222 is divided by 9?
8
Calculate the remainder when 165 is divided by 13.
9
Calculate the remainder when 14 is divided by 2.
0
What is the remainder when 8711 is divided by 33?
32
Calculate the remainder when 957 is divided by 103.
30
Calculate the remainder when 210 is divided by 120.
90
What is the remainder when 2636 is divided by 80?
76
Calculate the remainder when 2099 is divided by 35.
34
What is the remainder when 258 is divided by 45?
33
Calculate the remainder when 8 is divided by 4.
0
What is the remainder when 1299 is divided by 49?
25
What is the remainder when 350 is divided by 124?
102
What is the remainder when 1198 is divided by 80?
78
Calculate the remainder when 68325 is divided by 26.
23
Calculate the remainder when 2049 is divided by 3.
0
Calculate the remainder when 2817 is divided by 10.
7
What is the remainder when 63 is divided by 14?
7
Calculate the remainder when 341 is divided by 75.
41
What is the remainder when 11450 is divided by 13?
10
Calculate the remainder when 122 is divided by 37.
11
What is the remainder when 319 is divided by 33?
22
What is the remainder when 954 is divided by 33?
30
Calculate the remainder when 64 is divided by 59.
5
Calculate the remainder when 53 is divided by 41.
12
Calculate the remainder when 1720 is divided by 25.
20
What is the remainder when 647 is divided by 16?
7
Calculate the remainder when 96 is divided by 20.
16
What is the remainder when 141 is divided by 18?
15
What is the remainder when 468 is divided by 94?
92
What is the remainder when 47 is divided by 6?
5
What is the remainder when 350 is divided by 126?
98
Calculate the remainder when 2777 is divided by 45.
32
Calculate the remainder when 1243 is divided by 57.
46
Calculate the remainder when 13018 is divided by 105.
103
Calculate the remainder when 425 is divided by 141.
2
What is the remainder when 1482 is divided by 85?
37
What is the remainder when 1381 is divided by 28?
9
Calculate the remainder when 151 is divided by 50.
1
Calculate the remainder when 280 is divided by 210.
70
What is the remainder when 1173 is divided by 74?
63
Calculate the remainder when 142 is divided by 44.
10
Calculate the remainder when 913 is divided by 70.
3
What is the remainder when 623 is divided by 24?
23
What is the remainder when 246 is divided by 237?
9
Calculate the remainder when 2627 is divided by 872.
11
What is the remainder when 177 is divided by 37?
29
Calculate the remainder when 252 is divided by 56.
28
What is the remainder when 173 is divided by 4?
1
What is the remainder when 1469 is divided by 247?
234
What is the remainder when 61 is divided by 3?
1
What is the remainder when 1937 is divided by 175?
12
What is the remainder when 368 is divided by 30?
8
What is the remainder when 1672 is divided by 245?
202
What is the remainder when 223 is divided by 9?
7
Calculate the remainder when 38 is divided by 2.
0
Calculate the remainder when 261 is divided by 11.
8
What is the remainder when 2229 is divided by 6?
3
What is the remainder when 142 is divided by 16?
14
What is the remainder when 224 is divided by 83?
58
Calculate the remainder when 138 is divided by 50.
38
What is the remainder when 15 is divided by 15?
0
What is the remainder when 1519 is divided by 76?
75
What is the remainder when 19 is divided by 7?
5
What is the remainder when 128 is divided by 38?
14
Calculate the remainder when 3174 is divided by 37.
29
What is the remainder when 1122 is divided by 561?
0
What is the remainder when 231 is divided by 60?
51
Calculate the remainder when 4194 is divided by 73.
33
Calculate the remainder when 2058 is divided by 46.
34
What is the remainder when 41938 is divided by 90?
88
Calculate the remainder when 1680 is divided by 61.
33
Calculate the remainder when 655 is divided by 169.
148
Calculate the remainder when 97 is divided by 20.
17
Calculate the remainder when 212 is divided by 22.
14
What is the remainder when 276 is divided by 65?
16
Calculate the remainder when 233 is divided by 65.
38
What is the remainder when 1075 is divided by 182?
165
Calculate the remainder when 537 is divided by 60.
57
Calculate the remainder when 1582 is divided by 787.
8
Calculate the remainder when 320 is divided by 27.
23
Calculate the remainder when 1600 is divided by 3.
1
What is the remainder when 477 is divided by 60?
57
What is the remainder when 348 is divided by 94?
66
Calculate the remainder when 496 is divided by 2.
0
What is the remainder when 154 is divided by 75?
4
Calculate the remainder when 407 is divided by 96.
23
What is the remainder when 30 is divided by 17?
13
Calculate the remainder when 10806 is divided by 230.
226
Calculate the remainder when 1351 is divided by 75.
1
What is the remainder when 268 is divided by 30?
28
What is the remainder when 94 is divided by 20?
14
What is the remainder when 238 is divided by 40?
38
What is the remainder when 3947 is divided by 84?
83
Calculate the remainder when 2052 is divided by 5.
2
Calculate the remainder when 1468 is divided by 13.
12
What is the remainder when 104 is divided by 2?
0
Calculate the remainder when 202 is divided by 165.
37
Calculate the remainder when 649 is divided by 50.
49
Calculate the remainder when 25020 is divided by 23.
19
Calculate the remainder when 6800 is divided by 28.
24
What is the remainder when 182 is divided by 46?
44
What is the remainder when 3010 is divided by 59?
1
What is the remainder when 951 is divided by 6?
3
What is the remainder when 39935 is divided by 39?
38
Calculate the remainder when 65 is divided by 19.
8
What is the remainder when 430 is divided by 103?
18
What is the remainder when 1276 is divided by 40?
36
What is the remainder when 292 is divided by 47?
10
What is the remainder when 251 is divided by 14?
13
What is the rem